iple of 7?
False
Does 20 divide 1962?
False
Does 54 divide 23586?
False
Is 12 a factor of 710?
False
Is 4754 a multiple of 54?
False
Is 2360 a multiple of 59?
True
Does 5 divide 1045?
True
Is 480 a multiple of 10?
True
Is 199 a factor of 37449?
False
Does 27 divide 14442?
False
Is 25 a factor of 5325?
True
Does 43 divide 8428?
True
Does 10 divide 710?
True
Is 1374 a multiple of 7?
False
Does 6 divide 3596?
False
Is 71 a factor of 639?
True
Is 781 a multiple of 11?
True
Is 2812 a multiple of 19?
True
Does 17 divide 391?
True
Does 170 divide 40681?
False
Is 4320 a multiple of 108?
True
Does 27 divide 102?
False
Does 7 divide 3539?
False
Is 23 a factor of 3611?
True
Is 18947 a multiple of 19?
False
Is 4460 a multiple of 20?
True
Is 20 a factor of 616?
False
Is 608 a multiple of 32?
True
Does 21 divide 21?
True
Is 72 a multiple of 8?
True
Is 1230 a multiple of 4?
False
Is 18715 a multiple of 81?
False
Does 17 divide 2108?
True
Is 1976 a multiple of 18?
False
Is 11121 a multiple of 33?
True
Is 12092 a multiple of 7?
False
Is 6 a factor of 28678?
False
Is 4 a factor of 832?
True
Is 73 a factor of 33872?
True
Is 5254 a multiple of 37?
True
Does 27 divide 783?
True
Is 10 a factor of 3040?
True
Does 3 divide 2991?
True
Is 5 a factor of 7310?
True
Is 29 a factor of 17947?
False
Does 96 divide 36799?
False
Is 1368 a multiple of 8?
True
Does 26 divide 338?
True
Does 187 divide 6182?
False
Is 4698 a multiple of 9?
True
Is 19 a factor of 4914?
False
Is 107355 a multiple of 85?
True
Is 55 a factor of 13640?
True
Does 20 divide 220?
True
Does 13 divide 63039?
False
Is 33 a factor of 2805?
True
Is 32 a factor of 1405?
False
Is 5940 a multiple of 27?
True
Is 21708 a multiple of 4?
True
Is 4 a factor of 292?
True
Is 4598 a multiple of 90?
False
Is 19 a factor of 57?
True
Does 9 divide 11772?
True
Does 12 divide 69413?
False
Does 79 divide 15168?
True
Does 44 divide 2640?
True
Is 34 a factor of 1768?
True
Is 2031 a multiple of 42?
False
Is 747 a multiple of 9?
True
Is 22702 a multiple of 261?
False
Is 83 a factor of 5183?
False
Is 224 a multiple of 8?
True
Is 18 a factor of 108?
True
Does 44 divide 1672?
True
Does 8 divide 9?
False
Does 140 divide 3080?
True
Is 144 a multiple of 2?
True
Is 104 a factor of 3952?
True
Does 25 divide 1546?
False
Is 8 a factor of 6428?
False
Does 7 divide 1406?
False
Does 32 divide 487?
False
Is 768 a multiple of 8?
True
Is 6 a factor of 714?
True
Is 504 a multiple of 72?
True
Is 55309 a multiple of 179?
False
Is 14 a factor of 1705?
False
Is 127 a factor of 10160?
True
Is 245 a factor of 55255?
False
Does 8 divide 1125?
False
Is 549 a multiple of 59?
False
Is 86 a factor of 2478?
False
Is 52 a factor of 624?
True
Is 11941 a multiple of 125?
False
Is 13 a factor of 1246?
False
Is 35528 a multiple of 33?
False
Is 18140 a multiple of 5?
True
Does 29 divide 10920?
False
Is 992 a multiple of 31?
True
Does 19 divide 48681?
False
Is 1255 a multiple of 3?
False
Is 81 even?
False
Is 31 a multiple of 19?
False
Does 21 divide 12285?
True
Is 390 a multiple of 3?
True
Is 8356 a multiple of 21?
False
Is 25 a factor of 19425?
True
Is 22 a factor of 88?
True
Does 20 divide 2472?
False
Is 31 a factor of 26505?
True
Is 896 a multiple of 2?
True
Is 740 a multiple of 5?
True
Is 1247 a multiple of 3?
False
Is 47 a factor of 1786?
True
Is 562 a multiple of 22?
False
Is 31 a factor of 1142?
False
Is 25 a factor of 460?
False
Is 19 a factor of 1330?
True
Does 6 divide 2037?
False
Is 4573 a multiple of 33?
False
Does 26 divide 550?
False
Is 53244 a multiple of 74?
False
Does 31 divide 7626?
True
Does 2 divide 107?
False
Is 7257 a multiple of 177?
True
Is 30 a factor of 1410?
True
Does 2 divide 18?
True
Is 20564 a multiple of 53?
True
Is 16 a factor of 448?
True
Does 30 divide 216?
False
Does 17 divide 5655?
False
Is 14 a factor of 640?
False
Does 110 divide 13860?
True
Is 20 a factor of 1211?
False
Is 75 a factor of 34271?
False
Is 83 a factor of 1338?
False
Is 119 a factor of 7064?
False
Is 4 a factor of 102?
False
Does 13 divide 3068?
True
Does 6 divide 1260?
True
Is 1428 a multiple of 4?
True
Is 45915 a multiple of 27?
False
Is 4002 a multiple of 23?
True
Does 15 divide 951?
False
Is 23686 a multiple of 28?
False
Does 3 divide 288?
True
Does 9 divide 1863?
True
Is 22 a factor of 1516?
False
Does 34 divide 791?
False
Is 38 a factor of 914?
False
Is 1786 a multiple of 38?
True
Is 144 a factor of 43222?
False
Does 7 divide 480?
False
Is 673 even?
False
Is 55 a factor of 44935?
True
Is 52326 a multiple of 19?
True
Is 18 a factor of 6094?
False
Does 55 divide 10408?
False
Is 72 a factor of 15264?
True
Does 24 divide 264?
True
Is 13 a factor of 8570?
False
Is 38439 a multiple of 179?
False
Does 194 divide 32339?
False
Is 380 a multiple of 5?
True
Does 19 divide 4924?
False
Is 431 a multiple of 96?
False
Is 11 a factor of 4421?
False
Is 130271 a multiple of 155?
False
Is 39 a factor of 33809?
False
Is 2227 a multiple of 131?
True
Is 5 a factor of 12?
False
Is 16488 a multiple of 24?
True
Is 4 a factor of 14313?
False
Does 29 divide 2207?
False
Is 331 a factor of 78852?
False
Is 4 a factor of 192?
True
Does 28 divide 6552?
True
Is 61 a factor of 60642?
False
Is 37 a factor of 3251?
False
Is 15 a factor of 75?
True
Is 897 a multiple of 23?
True
Does 38 divide 2853?
False
Is 26100 a multiple of 290?
True
Is 3243 a multiple of 47?
True
Is 3956 a multiple of 172?
True
Is 27 a factor of 60750?
True
Is 2 a factor of 174?
True
Is 202 even?
True
Is 628 a multiple of 22?
False
Is 1553 a multiple of 39?
False
Does 48 divide 14431?
False
Is 66 a factor of 66?
True
Is 1592 a multiple of 88?
False
Is 13 a factor of 12649?
True
Is 6 a factor of 489?
False
Does 63 divide 15956?
False
Is 343 a multiple of 2?
False
Is 3472 a multiple of 14?
True
Does 20 divide 2540?
True
Is 9886 a multiple of 200?
False
Does 28 divide 1736?
True
Does 45 divide 3315?
False
Is 1701 a multiple of 27?
True
Is 276 a multiple of 4?
True
Does 33 divide 3597?
True
Does 28 divide 9016?
True
Is 28 a factor of 4908?
False
Is 185 a multiple of 3?
False
Does 9 divide 198?
True
Is 65 a factor of 10178?
False
Does 10 divide 3638?
False
Is 6279 a multiple of 43?
False
Is 3165 a multiple of 5?
True
Is 9801 a multiple of 9?
True
Does 52 divide 12102?
False
Is 1885 a multiple of 65?
True
Is 624 a multiple of 17?
False
Is 2262 a multiple of 29?
True
Does 34 divide 2030?
False
Does 28 divide 7134?
False
Is 2270 a multiple of 11?
False
Is 60 a factor of 7347?
False
Is 182 a factor of 1820?
True
Is 796 a multiple of 13?
False
Is 22 a factor of 929?
False
Is 8 a factor of 560?
True
Is 2 a factor of 839?
False
Does 10 divide 33797?
False
Is 13 a factor of 897?
True
Is 1054 a multiple of 3?
False
Is 14 a factor of 784?
True
Does 66 divide 990?
True
Is 45 a factor of 19710?
True
Does 22 divide 436?
False
Does 33 divide 1527?
False
Is 558 a multiple of 18?
True
Is 7 a factor of 3473?
False
Does 4 divide 145?
False
Does 48 divide 14287?
False
Is 30 a factor of 179?
False
Is 9744 a multiple of 4?
True
Is 386 a factor of 125064?
True
Is 8 a factor of 7610?
False
Is 19 a factor of 1672?
True
Does 253 divide 53990?
False
Does 6 divide 1492?
False
Is 215 a factor of 10170?
False
Is 3586 a multiple of 18?
False
Is 36 a factor of 216?
True
Does 28 divide 888?
False
Is 39 a factor of 2251?
False
Does 31 divide 3218?
False
Does 44 divide 17204?
True
Is 31209 a multiple of 103?
True
Does 65 divide 775?
False
Is 221 a multiple of 17?
True
Does 11 divide 28237?
True
Is 24 a factor of 12685?
False
Does 18 divide 108?
True
Is 7 a factor of 739?
False
Does 9 divide 720?
True
Is 354 a multiple of 3?
True
Is 62542 a multiple of 359?
False
Is 3 a factor of 1831?
False
Is 3132 a multiple of 58?
True
Is 32 a factor of 32?
True
Does 68 divide 24888?
True
Is 7 a factor of 656?
False
Is 29 a factor of 737?
False
Is 689 a multiple of 50?
False
Is 2328 a multiple of 24?
True
Is 40152 a multiple of 16?
False
Is 287 a multiple of 73?
False
Is 67680 a multiple of 18?
True
Is 12 a factor of 3177?
False
Is 1956 a multiple of 489?
True
Is 27 a factor of 740?
False
Is 6318 a multiple of 78?
True
Is 67 a factor of 479?
False
Does 4 divide 16857?
False
Is 2942 a multiple of 2?
True
Is 4 a factor of 27154?
False
Does 23 divide 508?
False
Does 66 divide 